{"id":839,"date":"2014-09-10T14:34:42","date_gmt":"2014-09-10T12:34:42","guid":{"rendered":"http:\/\/localhost\/~kenny\/wordpress\/?page_id=839"},"modified":"2016-02-12T10:43:42","modified_gmt":"2016-02-12T08:43:42","slug":"akma-acoustic-art","status":"publish","type":"page","link":"https:\/\/www.cosmo-technik.de\/?page_id=839","title":{"rendered":"Akma Acoustic Art"},"content":{"rendered":"<div class=\"wpb-content-wrapper\">[vc_row][vc_column width=&#8220;1\/2&#8243;][vc_single_image image=&#8220;959&#8243; img_size=&#8220;medium&#8220; alignment=&#8220;center&#8220; css_animation=&#8220;right-to-left&#8220;][\/vc_column][vc_column width=&#8220;1\/2&#8243;][vc_column_text]\n<h5>AKMA\u00a0ACOUSTIC ART\u00ae<\/h5>\n<p>ACOUSTIC ART\u00ae ist das akustische Spitzenelement von Akma. Als loses Element oder wandf\u00fcllend in Kombination mit hohen akustischen Werten. Das Element ist rundherum mit einem Aluminiumrahmen ausgestattet, gef\u00fcllt mit hochwertigem Absorptionsmaterial und an der Sichtseite mit einem Druck nach Wahl auf Polyesterstoff versehen. Dieser Stoff wird in den Rahmen gespannt, wodurch das Profil an der Sichtseite minimal sichtbar ist.<\/p>\n<h5>Anwendungsbereiche<\/h5>\n<p>ACOUSTIC ART<sup>\u00ae\u00a0<\/sup>kann hervorragend in R\u00e4umen mit unterschiedlichsten L\u00e4rmproblemen eingesetzt werden, wie beispielsweise B\u00fcros, Callcenter, Schulen, Pflegeeinrichtungen, Wohnungen, Leerr\u00e4umen, Eing\u00e4ngen usw. Unbeschr\u00e4nkte Auswahl an Drucken und Ma\u00dff\u00fchrung verleihen diesem Paneel eine enorme Entwurf-Freiheit, wodurch es nahezu \u00fcberall eingesetzt werden kann.[\/vc_column_text][\/vc_column][\/vc_row][vc_row][vc_column]<div class=\"hr-thin style-line\" style=\"width: 100%;border-top-width: 1px;\"><\/div>[\/vc_column][\/vc_row][vc_row][vc_column][vc_tabs interval=&#8220;15&#8243; style=&#8220;tab-style-three&#8220;][vc_tab title=&#8220;Eigenschaften&#8220; tab_id=&#8220;1410536393-1-51&#8243;]<div class=\"standard-arrow bullet-top\"><ul>\n<li>Feuerfeste F\u00fcllung<\/li>\n<li>Stoff in feuerhemmender Ausf\u00fchrung<\/li>\n<li>Akustischer Wert bis NRC 0.90 (Auswertung und Zertifikate auf Anfrage lieferbar)<\/li>\n<li>Sto\u00dffest<\/li>\n<\/ul>\n<\/div>[\/vc_tab][vc_tab title=&#8220;Gr\u00f6\u00dfen&#8220; tab_id=&#8220;1410536393-2-62&#8243;]<div class=\"standard-arrow bullet-top\"><ul>\n<li>Dicke des Elements 3,5 cm<\/li>\n<li>Nahtlos ma\u00dfgefertigt innerhalb der folgenden<\/li>\n<li>Ma\u00dff\u00fchrung:<\/li>\n<li>Breite :\u00a0 &gt; 30 cm\u00a0\u00a0 &lt; 300 cm<\/li>\n<li>L\u00e4nge\u00a0\u00a0 : &gt; 30 cm\u00a0\u00a0 &lt; 30 m<\/li>\n<li>Bis ca. 3,5 m\u00b2 vorgefertigt lieferbar, gro\u00dfe\u00a0Elemente werden vor Ort aufgebaut<\/li>\n<li>Elementdicke Raumteiler\u00a07 cm<\/li>\n<\/ul>\n<\/div>[\/vc_tab][vc_tab title=&#8220;Montage&#8220; tab_id=&#8220;1410536525521-2-0&#8243;]<a href=\"http:\/\/www.cosmo-technik.de\/?page_id=1032\" class=\"btn-shortcode dt-btn-m dt-btn default-btn-color default-btn-hover-color default-btn-bg-color default-btn-bg-hover-color\" id=\"dt-btn-1\"><span>Montage<\/span><\/a>[\/vc_tab][vc_tab title=&#8220;Ausf\u00fchrungen&#8220; tab_id=&#8220;1410536538551-3-0&#8243;]<div class=\"standard-arrow list-divider bullet-top\"><ul>\n<li>Ausf\u00fchrung:<\/li>\n<li>Lieferbar als Wandelement, Deckenelement oder Raumteiler.<\/li>\n<li>Ma\u00dfarbeit ist standardm\u00e4\u00dfig.<\/li>\n<li>Sichtseite verarbeitet mit einem Druck auf Polyesterstoff.<\/li>\n<li>Aluminiumrahmen standardm\u00e4\u00dfig in den Farben Aluminium-blank oder Wei\u00df<\/li>\n<li>Auf Gehrung ges\u00e4gte Ecken<\/li>\n<li>Kr\u00e4ftiger Aluminiumrahmen<\/li>\n<\/ul>\n<\/div>[\/vc_tab][vc_tab title=&#8220;Downloads&#8220; tab_id=&#8220;1416322348520-4-8&#8243;]<a href=\"https:\/\/www.cosmo-technik.de\/wp-content\/uploads\/2015\/03\/Broschuerekl.pdf\" class=\"btn-shortcode dt-btn-s dt-btn default-btn-color default-btn-hover-color default-btn-bg-color default-btn-bg-hover-color\" target=\"_blank\" id=\"dt-btn-2\" rel=\"noopener\"><span>Download Brosch\u00fcre<\/span><\/a>[\/vc_tab][\/vc_tabs][\/vc_column][\/vc_row]\n<\/div>","protected":false},"excerpt":{"rendered":"<p>[vc_row][vc_column width=&#8220;1\/2&#8243;][vc_single_image image=&#8220;959&#8243; img_size=&#8220;medium&#8220; alignment=&#8220;center&#8220; css_animation=&#8220;right-to-left&#8220;][\/vc_column][vc_column width=&#8220;1\/2&#8243;][vc_column_text] AKMA\u00a0ACOUSTIC ART\u00ae ACOUSTIC ART\u00ae ist das akustische Spitzenelement von Akma. Als loses Element oder wandf\u00fcllend in Kombination mit hohen akustischen Werten. Das Element ist rundherum mit einem Aluminiumrahmen ausgestattet, gef\u00fcllt mit hochwertigem Absorptionsmaterial und an der Sichtseite mit einem Druck nach Wahl auf Polyesterstoff versehen. Dieser Stoff wird&hellip;<\/p>\n","protected":false},"author":1,"featured_media":0,"parent":0,"menu_order":0,"comment_status":"closed","ping_status":"closed","template":"","meta":{"footnotes":""},"class_list":["post-839","page","type-page","status-publish","hentry","description-off"],"_links":{"self":[{"href":"https:\/\/www.cosmo-technik.de\/index.php?rest_route=\/wp\/v2\/pages\/839","targetHints":{"allow":["GET"]}}],"collection":[{"href":"https:\/\/www.cosmo-technik.de\/index.php?rest_route=\/wp\/v2\/pages"}],"about":[{"href":"https:\/\/www.cosmo-technik.de\/index.php?rest_route=\/wp\/v2\/types\/page"}],"author":[{"embeddable":true,"href":"https:\/\/www.cosmo-technik.de\/index.php?rest_route=\/wp\/v2\/users\/1"}],"replies":[{"embeddable":true,"href":"https:\/\/www.cosmo-technik.de\/index.php?rest_route=%2Fwp%2Fv2%2Fcomments&post=839"}],"version-history":[{"count":32,"href":"https:\/\/www.cosmo-technik.de\/index.php?rest_route=\/wp\/v2\/pages\/839\/revisions"}],"predecessor-version":[{"id":1375,"href":"https:\/\/www.cosmo-technik.de\/index.php?rest_route=\/wp\/v2\/pages\/839\/revisions\/1375"}],"wp:attachment":[{"href":"https:\/\/www.cosmo-technik.de\/index.php?rest_route=%2Fwp%2Fv2%2Fmedia&parent=839"}],"curies":[{"name":"wp","href":"https:\/\/api.w.org\/{rel}","templated":true}]}}